 = 4*y. Is g/(-4) + (-2)/4 a composite number?
True
Suppose -180 = 7*p - 12*p. Let g be 100/3 - 12/p. Suppose -2*o + 221 = -g. Is o a prime number?
True
Let k = 1829 - 1086. Is k prime?
True
Let c(w) = w**3 - 66 + 58 + 0*w**3 + 12*w**2 + 0*w**2 + 4*w. Is c(-9) composite?
False
Let j(h) = -415*h - 15. Let r be j(-6). Suppose 5*z + 1707 + 1362 = 2*l, 5*l = -4*z - r. Let x = -328 - z. Is x a composite number?
True
Suppose 2*q + v = 1150, q + 5*v = 186 + 389. Let x = -321 + q. Is x a prime number?
False
Suppose 0 = 5*b - 5*r - 4795, 3*b + 4*r - 1675 = 1216. Let a = b - 471. Suppose c + 2*t = 95, -c + 5*t = 4*c - a. Is c a prime number?
True
Suppose 15 = -3*q, -i + 18*q = 21*q - 1450. Is i composite?
True
Let x(a) = -76*a - 3. Let b = 24 + -21. Suppose -b*p - p = 8. Is x(p) composite?
False
Let p(r) = 5424*r - 119. Is p(12) composite?
False
Let k(y) = -14*y - 4. Let g be k(-3). Suppose g + 110 = n. Suppose 4*d = n - 16. Is d composite?
True
Let l = 4487 + -2154. Is l composite?
False
Let u(i) = 5883*i + 69. Is u(6) a composite number?
True
Suppose -j + 4*z = -56589, -j + 3*z + 67341 = 10755. Is j a composite number?
True
Let j be -1 - (0 - (-12)/(-4)). Let n be (-1 - j - 0) + 5. Suppose -2*k - 29 + 277 = -2*b, -266 = -n*k - 4*b. Is k composite?
False
Suppose 0 = 4*p - 768 - 2044. Is p prime?
False
Let i(z) = 1515*z**2 + 18*z - 40. Is i(3) a composite number?
False
Suppose 26 = 4*g + 2*z, -3*g = -5*z + 2*z - 15. Suppose -2*k + 4 = g. Is (-3 - k)*984/(-16) a prime number?
False
Suppose 12 = -4*c - 0*c. Let g(l) = -213*l + 8. Let m be g(6). Is 2/c - m/6 a prime number?
True
Suppose 131 - 775 = -4*s. Let x = s + -108. Is x prime?
True
Suppose 1048 = h - w, -8*h + 3*h = 4*w - 5285. Is (2/4)/(4/(-32)) + h composite?
False
Suppose 0*o - 7 = o. Let m(x) = -52*x - 5. Let p(t) = -148*t - 15. Let v(f) = -8*m(f) + 3*p(f). Is v(o) composite?
False
Let c = -31068 - -78197. Is c prime?
True
Suppose 168 - 56524 = -4*q. Let p = -6378 + q. Is p composite?
True
Let v be -1*(10/(-2) - -3). Suppose -3*k = -4 - v. Suppose -k*b = b - 651. Is b composite?
True
Let m = 12460 + -8471. Is m composite?
False
Suppose -2*f + 6*f - 16 = 0. Is ((-382)/(7 + -5))/((-2)/f) a prime number?
False
Let p(v) be the third derivative of -7*v**4/24 - v**3/3 + 7*v**2. Let h be p(-2). Let f(s) = s**2 + 13*s - 7. Is f(h) prime?
True
Suppose -5*g + 10 = -0*g. Suppose -j - g = 0, 2*x - 96 = 3*j - 8*j. Is x composite?
False
Suppose -7*r - 5065 = -309474. Is r a composite number?
False
Let o(a) = -3980*a - 417. Is o(-10) a composite number?
False
Let m(h) = h - 19. Let a be m(11). Is a*1/(-2) + (3 - 0) composite?
False
Let c(n) = 10*n + 9. Let g be c(14). Let v = g + -19. Let m = -81 + v. Is m a prime number?
False
Suppose 23*s - 34*s + 100441 = 0. Is s prime?
False
Suppose -7*h = -26 + 5. Suppose 5202 = h*s - 3*t, 4*s + 5*t - 6103 - 842 = 0. Is s prime?
False
Let z(v) = 87*v + 9. Let x be z(7). Suppose 2*m = 5*m - x. Suppose -4*y = -6*y + m. Is y a composite number?
False
Let x = 18 - 20. Let l be (x - (-10)/4)*0. Suppose -2*j + 2*c + 608 = l, 3*c = -j + 5*c + 301. Is j a composite number?
False
Let q(k) = k**3 + 2*k**2 - 2*k + 5. Let l be q(-3). Let z(o) = 5*o**l + 2*o + 7*o**2 + 18 + 7*o**2 - 16*o**2. Is z(-11) a prime number?
True
Let r(c) = 14*c**2 - 21*c - 139. Is r(-12) prime?
True
Let b(l) = -5 + 4*l - l + 10*l**3 + 3*l + 4*l**2. Let v be b(6). Suppose 0*m - 5*m = -v. Is m a composite number?
False
Suppose 2*p - 116999 = -4*z + 50339, 0 = 3*p - 9. Is z composite?
True
Let p(k) = 24*k + 42. Let d be p(17). Suppose -b + d + 22 = 3*v, 0 = -3*v + 5*b + 466. Is v a composite number?
False
Let h(u) = -7*u**3 + 5*u**2 - 8*u + 13. Let v be h(-9). Suppose -5*q - 9320 = -5*d, 3*d - 2*q = -0*q + v. Is d composite?
True
Suppose -5*x - u = 2*u - 7010, -5*x + u = -6990. Is x a composite number?
False
Let t be 108 - (0 + 1 + 0). Let v = 438 - t. Is v a composite number?
False
Suppose 6*k + 88 + 20 = 0. Is (-1)/((-4)/(-11258))*(16 + k) prime?
False
Let f(q) = -q**3 - 2*q**2 + 7*q + 4. Let g(r) = -r**2 - 9*r + 3. Let v be g(-4). Let y = 17 - v. Is f(y) a composite number?
True
Let y = 571 - 13. Let v = y + -307. Is v prime?
True
Let c be (1 + -5 - -7)*(-92)/6. Suppose -3*t - 87 = 5*m, -3*t - m = m + 78. Let r = t - c. Is r a composite number?
True
Suppose -84*q = -82*q - 84. Suppose -q = -d + 25. Is d prime?
True
Is (136073/(-196))/((-82)/40 - -2) composite?
True
Suppose 5704 = 4*v - 2*l - 12508, 0 = 5*v - 3*l - 22765. Is v a composite number?
True
Let w = 59 + -53. Suppose -5*s - 3*f = -2227, 1341 = 3*s - 3*f + w*f. Is s a prime number?
True
Suppose 8 = 5*f - f. Suppose -f*m - 2*p + p = -287, 4*p - 290 = -2*m. Is m a prime number?
False
Suppose 0*n + n - 13 = 0. Let z = n + 70. Is z a composite number?
False
Suppose 5*r + 5*w + 0*w = 18395, -3*r = -w - 11049. Suppose -2*o = -4*o + r. Is o a composite number?
True
Let u = 56 + -56. Suppose u = -2*m - 4*q + 510, -m - q + 248 = -6*q. Is m a composite number?
True
Let d = 184 - -242. Suppose -21*y = -18*y - 93. Let r = d - y. Is r prime?
False
Suppose 8992 - 31470 = -2*c. Is c prime?
True
Suppose 5*v = 14 - 4. Suppose -v*n + 3*k + 7419 = 0, -5*k - 553 = 5*n - 19113. Is n a prime number?
False
Let v = -29 - -34. Suppose f - 3738 = -v*f. Is f a prime number?
False
Let u be 2/(-2)*(1 - 4). Suppose u*o - 3*g - 18 = 0, -g = -5*o + 2*g + 22. Suppose -3*z + z = -k - 267, -10 = o*k. Is z a prime number?
True
Suppose 5*b + 288 = -3*b. Is 2411/((b/(-9))/((-4)/(-1))) a composite number?
False
Suppose 3*r - 198 - 81 = 0. Suppose 5*c + 2*k = 553, c - 4*k - r = -0*c. Is c a composite number?
False
Suppose -5*u + 6*u = -3*r + 3, u = -5*r + 7. Suppose -3*s + 221 + 43 = r*i, 0 = 4*s + i - 347. Is s a prime number?
False
Let u(c) = -4*c**3 + 14*c**2 + 5*c - 4*c**2 + 1 - 6*c**2. Is u(-6) a prime number?
False
Suppose -5*p = 4*y + 3424, -3*y - 5*p + 1712 = -5*y. Let f be (-6 - 78/(-12))*-12. Is y/f - (-2)/(-3) composite?
True
Suppose 0 = -4*a - 20, 146 + 64 = 5*d - 2*a. Is 1 + (d - -3) + 2 composite?
True
Let a = 34 + 55. Suppose -4*m = 9 + 7, a = l + 2*m. Is l prime?
True
Let y be (-6)/27*-1 - 374/(-99). Suppose -5*m - 4*h - 154 = -2*h, m + 2*h = -34. Is (20/m)/(y/(-474)) a composite number?
False
Suppose 5*h - 45 = 15. Suppose 4*n - l - 1244 = 3*l, -4*l + h = 0. Is n a composite number?
True
Suppose -3*o + 4*l + 5 = -1, 5*o - 2*l = 10. Is (o - 12/6) + 623 composite?
True
Suppose -5*y = r - 16, 2*y = r - 0*r + 5. Let j be r + 406 - 3/1. Suppose -3*g = 5*b - j, 5*b - 3*b - 143 = 5*g. Is b composite?
False
Suppose 2*o - 32 = 2*p + 14, -4*o - 2*p = -86. Let u be -2 + -1 - (-13 + 6). Suppose -u*a + 98 = o. Is a composite?
False
Suppose 20*x - 31273 = 9*x. Is x prime?
True
Let l = 9287 - 1790. Let t = l + -5270. Is t prime?
False
Let i be (-3)/2*-2*66/9. Suppose -i*q + 34482 = -16*q. Is q a prime number?
False
Let t(i) = i - 14. Let k be t(9). Is (-2526)/(-4) - k/(-10) a prime number?
True
Suppose 0 = 14*m - 344 - 4122. Is m a prime number?
False
Let m be (-1300)/6*33/11. Let y = m - -1321. Is y a prime number?
False
Suppose -3*q + 4*d = -8574, d + 2772 = 4*q - 8647. Suppose l - 4*l = 5*x - q, -2*x - 4767 = -5*l. Is l a prime number?
True
Suppose j - 2 = -0*j. Let d be ((-39)/6*-4)/(8/32). Suppose d = j*h + 2*h. Is h prime?
False
Suppose 2 = 5*i - 3*i. Let w(o) = 2051*o**3 + o**2 + 2*o - 1. Is w(i) a prime number?
True
Suppose 0 = -8*x + 3*x, -2*o + 19042 = 5*x. Is o composite?
False
Let q(w) = -6*w**3 - 4*w**2 - 7*w - 1. Let v be q(6). Let d = v + 624. Let z = -608 - d. Is z a composite number?
False
Let t(z) = -85*z - 34. Let o be t(15). Let b = o - -2022. Is b a composite number?
True
Suppose -z + 11326 = 2*m, -45*m = -50*m + 2*z + 28315. Is m prime?
False
Let i = 38 + -33. Is 211 - (0/i - 0) composite?
False
Suppose 45 = 6*h + 9. Let p(g) = 66*g - 6. Let o be p(h). Suppose 4*k + o - 1778 = 0. Is k prime?
True
Suppose -4 = -4*t + 8. Let f(m) = 2*m**2 - 3*m - 4. Let s be f(t). Suppose -x + 356 = g + 29, -351 = -x + s*g. Is x a prime number?
True
Let g be ((-8)/18)/(-2) - (-26385)/(-27). Let y = g + 1530. Is y composite?
True
Let u(c) = 23*c**2 - 11*c - 7. Let q be u(12). Suppose -2*v = -5*x + q, v + 2*v = -4*x + 2543. Is x composite?
True
Suppose -5*l - 2 = 4*j - 1, 28 = 4*l 